s the units digit of 138289841?
1
What is the thousands digit of 32590223?
0
What is the billions digit of 4152976981?
4
What is the ten thousands digit of 385732137?
3
What is the ten thousands digit of 4983680609?
8
What is the units digit of 147803957?
7
What is the units digit of 34967552?
2
What is the tens digit of 209940098?
9
What is the ten thousands digit of 58765874?
6
What is the hundred thousands digit of 3025794370?
7
What is the tens digit of 40550274?
7
What is the millions digit of 62900569?
2
What is the hundred thousands digit of 932537017?
5
What is the hundred thousands digit of 944459057?
4
What is the ten thousands digit of 732981039?
8
What is the ten millions digit of 896893958?
9
What is the ten thousands digit of 6139443585?
4
What is the hundred millions digit of 155646513?
1
What is the hundred millions digit of 798561823?
7
What is the hundred thousands digit of 45442265?
4
What is the ten millions digit of 142221840?
4
What is the thousands digit of 32041468?
1
What is the thousands digit of 789478279?
8
What is the millions digit of 68471431?
8
What is the hundreds digit of 271037763?
7
What is the ten thousands digit of 76034828?
3
What is the hundreds digit of 85299535?
5
What is the units digit of 622373994?
4
What is the ten thousands digit of 513498224?
9
What is the ten millions digit of 79560689?
7
What is the ten millions digit of 76891934?
7
What is the hundred millions digit of 390910933?
3
What is the hundreds digit of 129470222?
2
What is the thousands digit of 178150729?
0
What is the ten millions digit of 505995102?
0
What is the ten thousands digit of 1925219608?
1
What is the tens digit of 2907484757?
5
What is the millions digit of 383952672?
3
What is the hundred thousands digit of 942275322?
2
What is the tens digit of 34383172?
7
What is the ten thousands digit of 142642967?
4
What is the thousands digit of 4356971008?
1
What is the hundred thousands digit of 18444235?
4
What is the tens digit of 138894419?
1
What is the ten millions digit of 57032833?
5
What is the ten millions digit of 204614588?
0
What is the millions digit of 2060425491?
0
What is the tens digit of 1709261555?
5
What is the thousands digit of 55918271?
8
What is the units digit of 5188691?
1
What is the tens digit of 1405385426?
2
What is the tens digit of 75442207?
0
What is the hundred thousands digit of 123299548?
2
What is the hundred millions digit of 103181258?
1
What is the tens digit of 3309342779?
7
What is the ten thousands digit of 396081822?
8
What is the thousands digit of 29700883?
0
What is the ten thousands digit of 5749212531?
1
What is the millions digit of 2123773375?
3
What is the ten thousands digit of 7885360?
8
What is the units digit of 2685260249?
9
What is the hundreds digit of 631708329?
3
What is the tens digit of 1938764826?
2
What is the ten thousands digit of 62751468?
5
What is the millions digit of 11949575?
1
What is the units digit of 625756049?
9
What is the hundred thousands digit of 400931801?
9
What is the tens digit of 18509914?
1
What is the hundred millions digit of 2772942624?
7
What is the hundreds digit of 2215844394?
3
What is the thousands digit of 54412324?
2
What is the thousands digit of 590366038?
6
What is the hundreds digit of 47727050?
0
What is the ten millions digit of 1970974213?
7
What is the tens digit of 74742401?
0
What is the thousands digit of 1678085593?
5
What is the hundred millions digit of 628964316?
6
What is the thousands digit of 2738367656?
7
What is the thousands digit of 63309807?
9
What is the millions digit of 187094642?
7
What is the ten thousands digit of 4426142552?
4
What is the units digit of 66945145?
5
What is the ten thousands digit of 26549970?
4
What is the billions digit of 2690715022?
2
What is the millions digit of 208956092?
8
What is the units digit of 243992569?
9
What is the hundreds digit of 5684687821?
8
What is the hundred thousands digit of 73685745?
6
What is the ten thousands digit of 27713996?
1
What is the hundreds digit of 13159896?
8
What is the ten thousands digit of 4621279?
2
What is the units digit of 445069080?
0
What is the hundred thousands digit of 15594610?
5
What is the tens digit of 1309634217?
1
What is the hundred thousands digit of 41163934?
1
What is the tens digit of 128577542?
4
What is the units digit of 41625694?
4
What is the thousands digit of 64776154?
6
What is the units digit of 203122508?
8
What is the units digit of 694837275?
5
What is the thousands digit of 300971944?
1
What is the thousands digit of 4650375773?
5
What is the units digit of 329312280?
0
What is the hundreds digit of 592964278?
2
What is the hundreds digit of 7432223?
2
What is the thousands digit of 47423900?
3
What is the hundreds digit of 36320622?
6
What is the hundreds digit of 61049116?
1
What is the millions digit of 322376186?
2
What is the thousands digit of 47467617?
7
What is the hundred millions digit of 5307204054?
3
What is the hundreds digit of 46727658?
6
What is the millions digit of 4355522?
4
What is the hundreds digit of 839674615?
6
What is the hundred millions digit of 1682550603?
6
What is the thousands digit of 22580634?
0
What is the ten millions digit of 407706836?
0
What is the tens digit of 33653534?
3
What is the millions digit of 1934330676?
4
What is the thousands digit of 14679865?
9
What is the hundred thousands digit of 3771723426?
7
What is the thousands digit of 960549646?
9
What is the units digit of 9458976?
6
What is the hundred thousands digit of 648775607?
7
What is the hundreds digit of 273594171?
1
What is the millions digit of 62699550?
2
What is the thousands digit of 3261602252?
2
What is the thousands digit of 5583151131?
1
What is the hundred millions digit of 8100819533?
1
What is the thousands digit of 501325970?
5
What is the hundreds digit of 7338387476?
4
What is the ten millions digit of 6522752416?
2
What is the hundreds digit of 3344087273?
2
What is the hundreds digit of 229727148?
1
What is the thousands digit of 49506298?
6
What is the millions digit of 798017881?
8
What is the thousands digit of 22766311?
6
What is the ten thousands digit of 34600210?
0
What is the hundred thousands digit of 3093403704?
4
What is the millions digit of 110434103?
0
What is the tens digit of 1510345133?
3
What is the tens digit of 2601467988?
8
What is the hundreds digit of 85299930?
9
What is the millions digit of 1153648017?
3
What is the hundreds digit of 11885150?
1
What is the thousands digit of 4274054811?
4
What is the millions digit of 742308695?
2
What is the hundreds digit of 28157420?
4
What is the ten thousands digit of 73423040?
2
What is the tens digit of 1635377832?
3
What is the millions digit of 1897095696?
7
What is the units digit of 897159427?
7
What is the thousands digit of 24147517?
7
What is the billions digit of 1824817605?
1
What is the ten millions digit of 899061375?
9
What is the tens digit of 1078449573?
7
What is the ten thousands digit of 475690272?
9
What is the ten millions digit of 676541275?
7
What is the hundred millions digit of 259666072?
2
What is the ten thousands digit of 130647895?
4
What is the hundreds digit of 29286976?
9
What is the units digit of 6501851897?
7
What is the hundreds digit of 18032731?
7
What is the millions digit of 5259660333?
9
What is the thousands digit of 285792178?
2
What is the hundred millions digit of 465458417?
4
What is the hundreds digit of 28963281?
2
What is the tens digit of 103509796?
9
What is the thousands digit of 260554994?
4
What is the millions digit of 91218157?
1
What is the hundred thousands digit of 1659487991?
4
What is the ten thousands digit of 2033309591?
0
What is the units digit of 93956046?
6
What is the ten millions digit of 34046184?
3
What is the hundreds digit of 3406490248?
2
What is the hundreds digit of 77991695?
6
What is the ten millions digit of 3814254869?
1
What is the units digit of 114078265?
5
What is the ten thousands digit of 1629223443?
2
What is the hundred thousands digit of 11449580?
4
What is the thousands digit of 2595751701?
1
What is the ten millions digit of 45096664?
4
What is the thousands digit of 260231178?
1
What is the tens digit of 2394590263?
6
What is th